 factors of c.
3, 5, 37
Let c(y) = 2*y**3 - 13*y**2 + 9*y + 16. What are the prime factors of c(11)?
2, 7, 43
List the prime factors of 1296/11 + 44/242.
2, 59
Let y = 1066 + -367. What are the prime factors of y?
3, 233
Let q(r) = -r**3 - 11*r**2 - 4*r - 11. Let w = -6 + -5. List the prime factors of q(w).
3, 11
Let z be 4666/18 - (-8)/(-36). Suppose -q - 6*q = -z. What are the prime factors of q?
37
Suppose 21*d - 33049 - 39506 = 0. List the prime factors of d.
5, 691
Suppose -2*o + 117 + 4501 = -2*u, 2312 = o - 4*u. What are the prime factors of o?
2, 577
Suppose 3 = -4*t - 1. Let p be 0/t - (0 - 1). Suppose -3*q - p + 58 = 0. List the prime factors of q.
19
Let l(f) = 3*f**2 + 25*f - 6. What are the prime factors of l(-11)?
2, 41
Let v = 23 - 26. What are the prime factors of 12/(-36) - 88/v?
29
Let d = 546 + -426. Let o = 7 + 5. Suppose 0 = o*b - 10*b - d. List the prime factors of b.
2, 3, 5
Let k = -62 + -6. Let b be (-36)/60 - (1 - (-934)/10). Let a = k - b. List the prime factors of a.
3
Let h(z) = -z**3 - z**2 + 2*z - 3. Let p be h(-3). Suppose -5*l + p*l = 624. What are the prime factors of 6576/l + 4/(-26)?
2, 3, 7
Suppose 38984 = 11*g + 77*g. List the prime factors of g.
443
Let w be -4 + -1 + (-2 - -12). Suppose 4*o - 140 = 4*r, w*r = -0*o - 3*o + 89. What are the prime factors of o?
3, 11
Let c(t) = -167*t - 5. Suppose p + 2*w + 3 = 4, 1 = w. What are the prime factors of c(p)?
2, 3
Let q = -3 + 8. Suppose -5*o = -q - 10, -3*i + 4*o + 18 = 0. Let c = 65 - i. List the prime factors of c.
5, 11
Let n(p) = -10*p - 4. Let j be n(-3). Let u = -15 + j. Suppose -92 = -3*w - u. What are the prime factors of w?
3
Let p(k) = k**3 - 10 - k**2 - 2*k + k**2 - 6*k**2. Suppose 28 = -9*z + 91. What are the prime factors of p(z)?
5
Let d = 6434 - 4150. What are the prime factors of d?
2, 571
Suppose 2*k = -7*k + 27. Suppose 0 = j + s - 80, 2*s = -2*j + k*j - 65. List the prime factors of j.
3, 5
Suppose 2 = 2*o + o - h, -5*h = -o - 18. List the prime factors of o/(-6)*(-8478)/18.
157
Suppose 4 = 5*q - 16. Suppose -17 - 95 = -q*m. List the prime factors of m.
2, 7
Let j = 31 - 15. List the prime factors of (6/4 - -1)/(4/j).
2, 5
Let j be 21/49 - 3714/(-7). What are the prime factors of -3 - (j/(-3) + 4)?
2, 5, 17
Let z(y) = y**3 - 8*y**2 - y + 3. Let p = -47 - -56. What are the prime factors of z(p)?
3, 5
Suppose 50*s - 106238 = 28*s. List the prime factors of s.
11, 439
Let q(t) = -t. Let p be q(8). Let m = 9 + p. Suppose 2*n + m = 85. What are the prime factors of n?
2, 3, 7
Let x(d) be the third derivative of 0 + 0*d - 1/2*d**3 - 1/10*d**5 - 1/120*d**6 + 2*d**2 - 1/4*d**4. What are the prime factors of x(-5)?
2
Suppose 145 = 5*f - 0*f. Let k be -7*(43 - -1)/(-4). Suppose -4*o = f - k. List the prime factors of o.
2, 3
Suppose -6 = -2*t - 16. Let h be -1 + (-4 - -2) - t. Suppose c - 38 = -3*c - h*a, -3*c + 27 = 3*a. List the prime factors of c.
2, 5
Let c(w) = 53*w + 9. Let l(m) = -1. Let k(d) = -c(d) + 2*l(d). What are the prime factors of k(-2)?
5, 19
Let u(p) be the third derivative of -p**6/120 + 2*p**5/15 - 7*p**4/24 + 7*p**3/6 + 29*p**2. List the prime factors of u(7).
7
Let o(n) = -20*n - 20*n - 5 + 35*n + 4*n**2. List the prime factors of o(5).
2, 5, 7
Suppose 0 = 14*h - 12*h + 4*z - 9852, 0 = 4*h - z - 19677. List the prime factors of h.
2, 3, 5, 41
Let a be 0/1 + 74 - -2. Suppose -5*u + 3*u = 0. Suppose -2*z + 6*z - a = u. What are the prime factors of z?
19
Suppose 3*v + 9 = 45. Let d(h) = 9*h - 15. What are the prime factors of d(v)?
3, 31
Let f = -84 + 90. List the prime factors of f/14*(-1)/((-4)/28).
3
Suppose -v = -4*p - 2*v + 3, 1 = 2*p + v. What are the prime factors of (-2)/(-3) + p + 600/18?
5, 7
Suppose -3*d - 3*r + 903 = 0, 11*r - 2 = 13*r. List the prime factors of d.
2, 151
Suppose 0 = -s - 2*a + 12, 2*s - 3*a + 7 = -4. Suppose 8 = s*v - 0. Suppose -120 = -v*t - t. List the prime factors of t.
2, 3
What are the prime factors of 1117380/550 + (-6)/10?
3, 677
Let k = 127 - 64. List the prime factors of k.
3, 7
Let v(t) = t + 14. Let p be v(-12). Let o(c) = 1 + 0 - 2*c**3 - 2*c**2 + c**3 + 4*c - 4*c**p. What are the prime factors of o(-7)?
2, 11
Suppose 0 = -3*c - 2*f - f - 72066, 48047 = -2*c - f. What are the prime factors of c/(-175) - (-2)/(-7)?
137
Suppose 43*h + 5440 = 47*h. What are the prime factors of h?
2, 5, 17
Suppose 1226 = 2*f + 2*y, -4*f + 3049 = f + y. What are the prime factors of f?
3, 7, 29
Suppose -4*c + 5208 = 2*y + 1120, 0 = -5*c - 5*y + 5105. What are the prime factors of c?
3, 11, 31
Let i be 1*4 - (0 - -1). Suppose 2*d = -q + 49, i*q = -q - 4*d + 212. What are the prime factors of q?
3, 19
Suppose 4*z + z = 0. Let h(d) = -d + 13. Let f be h(4). Suppose z = -j - 0*y - 4*y - f, 4*j + 5*y - 8 = 0. List the prime factors of j.
7
Suppose -h + 10*h - 3285 = 0. List the prime factors of h.
5, 73
Let r be (712/7)/1 - (-4)/14. Let z = 145 - r. What are the prime factors of z?
43
Let o(h) = -h**2 - 13*h + 13. Let w be o(-12). Let c = 14 + w. List the prime factors of c.
3, 13
Suppose j - 2*y + 5 = 0, 0 = j + j - y + 7. Let g(f) = 5*f**2 - 5*f - 3. List the prime factors of g(j).
3, 19
Let a(h) = h**2 + 1 + 6*h**2 - 6*h**2. Let i be a(8). Let f = i + -34. List the prime factors of f.
31
Suppose -5*s + 3*u + 8416 = 0, 11*s + 2*u + 6734 = 15*s. What are the prime factors of s?
5, 337
Suppose -12*z + 7*z + 35 = 0. Let p(u) = 3*u**2 + 4 - 6*u + 3*u**2 - 3 - 4*u**2. List the prime factors of p(z).
3, 19
Suppose 13*l - 24 = 9*l. Suppose -3*x - 2 = -2*u, -3*x = 5*u - l*x - 14. List the prime factors of u/20 - 327/(-15).
2, 11
Suppose -16*h = 6*h - 19228. What are the prime factors of -2 - (h/(-95) + (-1)/(-5))?
7
Let t = -69 - -171. Suppose t*d = 98*d + 380. List the prime factors of d.
5, 19
Let t = 2399 - 1291. List the prime factors of t.
2, 277
Let s = -221 - -141. Let c be ((-9)/(45/(-80)))/((-3)/(-24)). Let p = s + c. What are the prime factors of p?
2, 3
Suppose 6*b = 3*b + 24. Let s be (2/(-4))/(b/(-16)). List the prime factors of -1 + 34 + 4/s.
37
Let c(n) = 22*n - 3. Let a(p) = -22*p + 2. Let r(z) = 5*a(z) + 4*c(z). List the prime factors of r(-6).
2, 5, 13
Let d(b) = 2271*b - 418. What are the prime factors of d(2)?
2, 1031
Let b(n) = 33*n + 2. Let g be b(1). Suppose -2*u = -3*l + 79, 4*u = l - u - g. What are the prime factors of l?
5
Let d(y) = y**2 - 5*y. Let q be d(5). Suppose 7*k - 3*k - 64 = q. Suppose 4*h = -t + 72, -h + 3*t + 2 = -k. List the prime factors of h.
2, 3
Let n = -11 - -26. Let g be (-15)/(-25) - 9/n. Suppose 3*v + 0*o - 5*o = 95, g = 3*v + o - 71. List the prime factors of v.
5
Suppose 10*n = 11*n - 231. What are the prime factors of n?
3, 7, 11
Let n(r) = 36*r**2 + 10*r - 2. What are the prime factors of n(-2)?
2, 61
Suppose 8 = 4*b - 2*b. Suppose -b*c + 78 = -2*c. Let w = c + 9. List the prime factors of w.
2, 3
Suppose -3*y + 1432 = -q - 1460, 3854 = 4*y - 2*q. List the prime factors of y.
5, 193
Let c(d) = 17*d**2 + 11*d - 96. What are the prime factors of c(7)?
2, 11, 37
Suppose 1233 = -45*l + 48*l. List the prime factors of l.
3, 137
Let o(y) = 2*y + 0*y - y. Let b be o(-2). Let q(z) = -9*z + 2. What are the prime factors of q(b)?
2, 5
Let x(k) = -3*k**2 - 14 + 6*k + k + 4*k**2 - k. List the prime factors of x(-10).
2, 13
Let v = -2 + 15. Let f(c) = c**3 + 0*c**3 + v*c**2 + 4*c + 1 - 23*c**2 - 9. What are the prime factors of f(10)?
2
Let m(u) = 2*u**3 - 8*u**2 - 3*u + 10. Let g be m(6). Suppose 0 = -5*d - 2*b + 167, -6*b + 2*b + g = 4*d. What are the prime factors of d?
3, 11
Let f = 70 - 99. Suppose -2*v - 2 = 0, 3*l - v - 125 = v. Let k = f + l. List the prime factors of k.
2, 3
Let q = 144 + 827. What are the prime factors of q?
971
Suppose 41*a + 13*a - 82890 = 0. What are the prime factors of a?
5, 307
Let g(c) = -c**3 + 26*c**2 + 6*c + 63. List the prime factors of g(25).
2, 419
Let q be (-3 + 86/(-2))/(-2). Suppose q - 71 = -4*u. List the prime factors of u/(-30) + (-142)/(-5).
2, 7
Let f = -4 + 32. Let j = f - 8. List the prime factors of j.
2, 5
Suppose 0 = -w - 2*w + 2*c + 6, 5*c + 15 = -4*w. Suppose 2*q - q - 2*m - 12 = w, 0 = -2*q - 2*m + 30. Suppose 0*k = -2*k + q. What are the prime factors of k?
7
Let b be (8 - 12) + (1 - 5). Let i(g) = g**3 + 8*g**2 + 5. Let